t the prime factors of a.
5, 11
List the prime factors of (-6)/45 + (11 - 393344/(-105)).
13, 17
Let c(x) = -x**3 - 3*x**2 + 2*x - 8. Let i be c(-4). Suppose 0 = 3*s - 5*s - q + 130, 3*s - 2*q - 202 = i. List the prime factors of s.
2, 3, 11
Let b = -383 + 453. List the prime factors of b.
2, 5, 7
Let x be -2 - (6/(-2) - -7). Let g(o) = 2*o**2 + 2*o - 9. Let n be g(x). Suppose -u = -n - 15. What are the prime factors of u?
2, 3, 11
Suppose 22*x - 21*x = 2. Suppose 3*j = -x*u + 7, 5*j + u + 2 = 9. Let g(f) = 16*f**3 + f**2 - 2*f + 1. List the prime factors of g(j).
2
Let z(i) = -i + 3. Let u be 3 + -1 + 4/(-1). Let w be z(u). Suppose -t = 5*y - 6 - 4, w*t = -25. What are the prime factors of y?
3
Suppose 2*v - 4*h = -0*v + 26, -38 = -4*v + h. Let c be 33/v - 2/3. Suppose -318 = -c*y - 81. List the prime factors of y.
79
Let w be (-21)/(-14)*(2/6 - -1). Suppose -3*y - n + 77 = 0, y + y + n - 52 = 0. Suppose w*d - y = d. What are the prime factors of d?
5
Let z(q) = -q + 5. Let c be z(5). Suppose c = -24*u + 27*u - 588. List the prime factors of u.
2, 7
Let l(i) = 5*i**2 - 41*i + 278. List the prime factors of l(12).
2, 11, 23
Suppose -42 - 3 = 3*l. Let v = 137 + -89. Let m = v + l. What are the prime factors of m?
3, 11
Let h be (36/(-63))/((-4)/14). Suppose h*u = 7*u - 45. Let j = -4 + u. What are the prime factors of j?
5
Suppose -2*n + 0*m + 3480 = 5*m, n + 5*m - 1750 = 0. What are the prime factors of n?
2, 5, 173
Let z = 67 + 10. What are the prime factors of z?
7, 11
Let l(p) = 37*p**3 - 2*p**2 - 18*p + 41. What are the prime factors of l(3)?
2, 11
Let a = -169 - -234. What are the prime factors of a?
5, 13
Let h(g) = g - 1. Let o be h(5). Suppose -2*z + 0*z + 2*y = -274, 543 = o*z - 5*y. List the prime factors of z.
2, 71
Let q(n) = n**3 - 5*n**2 + 6*n - 6. Suppose 0 = -3*l - 2*l + 20. Let y be l + 0 + (1 - 0). List the prime factors of q(y).
2, 3
Suppose 6*n + 4*j - 5790 = 0, -832 = -n - 3*j + 133. What are the prime factors of n?
5, 193
Suppose 0 = -3*q + q + 4, 0 = 3*z + 3*q - 12. Let f be (40/(-30))/(z/(-3)). Suppose 84 = f*d - 20. What are the prime factors of d?
2, 13
Let k be 11 - -3*(-2 + 3). Let y be ((-10)/(-4))/((-1)/k). Let q = -18 - y. What are the prime factors of q?
17
Suppose 0 = -4*x - 56 + 600. Suppose 3*d + x = 511. List the prime factors of d.
5
Let i(u) = 8*u**2 - 5*u + 196. What are the prime factors of i(-18)?
2, 1439
Let z be 3/(-6) - 2/(-4). Let t(m) = -8*m**2 - 9*m + 21. Let a(q) = 5*q**2 + 5*q - 11. Let f(y) = 5*a(y) + 3*t(y). List the prime factors of f(z).
2
Let n = 16 + 3. Let a = n - -14. What are the prime factors of a?
3, 11
Let v(a) = -7*a**3 - 4*a**2 - 2*a - 1. List the prime factors of v(-5).
2, 7
Suppose 2*t + 5 = 17. Suppose t = 5*b - 9. Suppose b = -l + 19. What are the prime factors of l?
2
Suppose -5*z - 4*t = -73, 2*z + 9*t - 4*t = 19. Suppose z = 2*d - 33. What are the prime factors of d?
5
Let l = -22 - -42. Let c = l + 240. List the prime factors of c.
2, 5, 13
Let p(f) = f**2 + f + 8. Suppose 0 = -3*l - 15, 5*v - 3*l + 8*l = 10. Suppose -a + v*a + 30 = 0. What are the prime factors of p(a)?
2, 7
Suppose q + 2*c + 0*c - 184 = 0, -4*q + 748 = 5*c. List the prime factors of q.
2, 3
Suppose -46*u = -14*u - 65856. What are the prime factors of u?
2, 3, 7
Let n be (-9 - -7) + 24/2. Let a be (-1887)/(-15) - (-2)/n. Suppose -3*k = -0*k - a. What are the prime factors of k?
2, 3, 7
Let w(r) = -r**3 + 46*r**2 + 41*r - 286. List the prime factors of w(44).
2, 5, 7, 11
Let n(v) = -v**2 - 38*v - 19. List the prime factors of n(-16).
3, 37
Let q(a) be the third derivative of a**5/24 - a**4/3 + 3*a**3/2 + 8*a**2. Let z(o) be the first derivative of q(o). List the prime factors of z(11).
47
Suppose -22*o + 13423 - 1521 = 0. What are the prime factors of o?
541
Let h(s) = s**3 + 21*s**2 + 34*s - 3. Let o(u) = u**2. Let z(w) = h(w) + o(w). What are the prime factors of z(-20)?
3, 13
Let a be 32/(-4)*((-2)/(-4) - 1). List the prime factors of 26 - 0/(a + -3).
2, 13
Suppose 16*u - 8045 - 3635 = 0. List the prime factors of u.
2, 5, 73
Suppose 0 = 3*v - 2*b - 553, -2*v + b + 184 = -v. Let q = v - 80. List the prime factors of q.
3, 5, 7
Suppose -a + 6452 - 1954 = 5*n, -a - 1802 = -2*n. What are the prime factors of n?
2, 3, 5
Let z(i) = -i**3 + i**2 + 4*i + 21. Let h be z(0). What are the prime factors of h/49 - (-809)/7?
2, 29
Suppose 0 = -4*h + 132 + 48. Let f be 170/h + 6/27. What are the prime factors of f/(-6) + 240/36?
2, 3
Suppose 0 = -5*b + 3*b - 5*b. Suppose -5*q = -4*m + 56, b = 5*m + 6*q - q - 115. List the prime factors of m.
19
Let b(h) be the third derivative of -25*h**4/24 + h**3/3 - 5*h**2. Let g be b(-1). Let n = 66 - g. What are the prime factors of n?
3, 13
Let f(z) = -89*z + 11. Let n be f(-2). Suppose -5*o - n = -8*o. List the prime factors of o.
3, 7
Let g = 46 - 61. Let s be (-66)/4*(-2)/1. Let b = s + g. List the prime factors of b.
2, 3
Let c be ((-28)/10)/((-11)/(-330)). Let m = 268 + c. List the prime factors of m.
2, 23
Let o(c) = 537*c**2 + 56*c + 165. What are the prime factors of o(-3)?
2, 3, 5, 7, 23
Let p(t) = 30*t - 27. Let j(x) = 61*x - 55. Let o(v) = 4*j(v) - 7*p(v). List the prime factors of o(5).
139
Suppose 35*d + 6416 = 51*d. What are the prime factors of d?
401
Suppose 77*f - 374 = 76*f. List the prime factors of f.
2, 11, 17
Let z = 293 - 218. List the prime factors of z.
3, 5
Let s be (11 - -3 - -2)*108/16. List the prime factors of s + ((-1)/(-1) - -2).
3, 37
Let g = -284 + 1086. What are the prime factors of g?
2, 401
Let i(g) be the second derivative of 25*g**4/12 - g**3/3 - g**2/2 + 5*g. Let c = 3 - 4. List the prime factors of i(c).
2, 13
Let n = 694 - 418. Suppose 3*t - n = -4*g + 112, 656 = 5*t + 2*g. List the prime factors of t.
2, 3, 11
Let k(c) = -14*c - 2. Suppose 5*i - 4*i + 8 = -4*m, -5*i + m - 103 = 0. List the prime factors of k(i).
2, 139
Suppose w = -0*w - 8. Let j = 4 - w. Let v = j - 8. List the prime factors of v.
2
What are the prime factors of 42/441 - 354640/(-84)?
2, 2111
Let c = 167 + -117. Let y = c - 23. What are the prime factors of y?
3
Let z(k) = -135*k**3 + 6*k**2 - 6*k - 2. Let q be z(4). List the prime factors of (4/6)/(4 - q/(-2145)).
11, 13
Let i = 3747 - 2417. List the prime factors of i.
2, 5, 7, 19
Let h(m) = -m**2 - m + 42. Let p be h(0). Suppose b = p + 8. List the prime factors of (6/(-5))/((-15)/b).
2
Let o = -2543 + 4991. List the prime factors of o.
2, 3, 17
Let l(g) = 18*g**2 - 8*g + 2. Let x be l(5). Let c = -90 + x. List the prime factors of c.
2, 7, 23
Suppose 1265*j = 1260*j + 2960. What are the prime factors of j?
2, 37
What are the prime factors of 5/20 + (4 - (-15815)/20)?
3, 5, 53
List the prime factors of (24/(-2))/((-3845)/295 - -13).
2, 3, 59
Let k be (-10)/40 + (-59)/4. Let s = k - -11. Let m(d) = -d**3 - 3*d**2 - 2*d + 4. What are the prime factors of m(s)?
2, 7
Let m be 0 + (48/2 - 1). Suppose 3*w + m = -46. Let o = w + 46. What are the prime factors of o?
23
Suppose 4*o - 16 = -0*o, -3*r + 218 = -o. Let b = r + 9. List the prime factors of b.
83
Let g = 112 + 278. List the prime factors of g.
2, 3, 5, 13
Suppose 53*o = 131*o - 379938. List the prime factors of o.
4871
Let c(s) = s**3 - 4*s**2 + 4*s + 3. Let v(y) = y**2 + 9*y + 17. Let w be v(-7). List the prime factors of c(w).
2, 3
Suppose 111 = 3*t - 0*t. Let p = -40 + 96. Let l = p - t. What are the prime factors of l?
19
Suppose -f = -3*f + 2*d + 20, 3*f = -2*d + 30. What are the prime factors of f?
2, 5
Suppose -4*j - v + 3281 + 5422 = 0, -2178 = -j + 2*v. What are the prime factors of j?
2, 17
Suppose 21*l - 666 = 15*l. List the prime factors of l.
3, 37
Let a(w) = 352*w - 38. What are the prime factors of a(2)?
2, 3, 37
Let i = -15 - -18. Suppose 5*v = i*m - 10, -m = m - 2*v - 12. List the prime factors of m.
2, 5
Let x(l) = 12*l**2 + 4 + 5*l**3 - 8*l**2 - 3*l - 11*l**2 + l. List the prime factors of x(3).
2, 5, 7
Let k = 2 - -3. Suppose 25 = o + k*d, d + 229 = 4*o + o. Let l = 10 + o. List the prime factors of l.
5, 11
Suppose 0 = 7*z - 2*z. Suppose -8*k + 11*k + 54 = z. Let c = 22 + k. List the prime factors of c.
2
Let o be ((-1)/(-3)*-7)/((-1)/(-9)). List the prime factors of (-3156)/(-15) - o/35.
211
List the prime factors of (-27020)/(-100) - 3/